test common divisor of 266340 and 1184248.
772
Calculate the greatest common factor of 292 and 7072970.
146
Calculate the greatest common divisor of 37989 and 115101.
567
Calculate the greatest common factor of 525374 and 4321.
149
Calculate the highest common factor of 1194155 and 599555.
4955
Calculate the greatest common factor of 417427160 and 2320.
1160
What is the highest common factor of 882 and 13248?
18
Calculate the highest common divisor of 501052 and 1343432.
2188
Calculate the greatest common factor of 178 and 17739747.
89
Calculate the greatest common factor of 20768 and 118228.
44
What is the greatest common factor of 2928848 and 3640?
104
Calculate the greatest common divisor of 9 and 5011812.
9
What is the highest common divisor of 5224 and 23816?
8
Calculate the highest common divisor of 38546486 and 726.
242
Calculate the highest common divisor of 5402 and 25455319.
73
Calculate the highest common factor of 4722 and 107551420.
1574
Calculate the highest common factor of 12 and 1183428858.
6
Calculate the highest common factor of 20952726 and 192.
6
What is the greatest common factor of 18674857 and 1462?
731
Calculate the greatest common factor of 16558278 and 744.
186
Calculate the greatest common factor of 1056906 and 1278.
1278
Calculate the highest common divisor of 644505 and 105.
15
What is the greatest common divisor of 6680 and 13448510?
1670
Calculate the greatest common divisor of 2425220 and 945.
35
What is the greatest common divisor of 3039 and 2302549?
1013
Calculate the highest common divisor of 241449 and 273.
39
What is the highest common factor of 5004651 and 249?
249
Calculate the highest common divisor of 10565 and 210195.
5
Calculate the highest common factor of 616 and 4814964.
308
Calculate the highest common divisor of 99028 and 950.
38
Calculate the highest common factor of 2806 and 1979389.
61
What is the greatest common divisor of 4348 and 3053693882?
2174
What is the greatest common factor of 8 and 444936?
8
Calculate the greatest common factor of 3710864 and 176.
16
Calculate the greatest common divisor of 7371 and 1627911.
27
Calculate the greatest common divisor of 2547 and 710802.
9
Calculate the highest common divisor of 1308 and 3788949.
327
Calculate the greatest common divisor of 2907 and 16643.
17
Calculate the highest common factor of 264 and 1774592.
8
Calculate the greatest common factor of 989 and 2834947.
43
What is the highest common factor of 355 and 22886992?
71
Calculate the greatest common factor of 716454 and 27666.
954
What is the greatest common factor of 3783984 and 117552?
1488
What is the greatest common divisor of 189587620 and 460?
460
Calculate the greatest common divisor of 1953031310 and 740.
370
Calculate the greatest common divisor of 231 and 8894886.
231
Calculate the greatest common factor of 28355 and 993.
1
What is the greatest common divisor of 2394361 and 228?
19
What is the highest common factor of 5502 and 125664?
42
Calculate the highest common divisor of 4256 and 21133.
7
What is the highest common factor of 15588558 and 408?
102
What is the highest common divisor of 1116839 and 1075?
43
What is the highest common factor of 1284174 and 135?
27
Calculate the greatest common factor of 13726 and 11647.
1
What is the greatest common factor of 23556 and 519324?
156
What is the highest common factor of 732 and 1140564?
12
What is the highest common divisor of 5277634 and 265?
53
What is the greatest common divisor of 418 and 5573194?
418
What is the greatest common divisor of 2309817 and 267?
267
What is the highest common divisor of 177000 and 1161120?
7080
Calculate the greatest common factor of 37680371 and 6275.
251
What is the greatest common divisor of 33179601 and 169?
169
Calculate the highest common divisor of 136687677 and 21.
21
What is the highest common divisor of 18121545 and 455?
65
Calculate the highest common factor of 4680627 and 1148707.
833
Calculate the highest common factor of 18 and 1704650.
2
What is the greatest common divisor of 1056 and 35673864?
24
Calculate the greatest common factor of 2268 and 1912020.
12
What is the greatest common divisor of 14 and 285509?
7
Calculate the highest common factor of 42370124 and 6.
2
Calculate the highest common factor of 5771 and 912746.
29
Calculate the greatest common divisor of 2749635 and 223815.
645
Calculate the highest common divisor of 7616 and 373063096.
952
What is the greatest common factor of 2147 and 394144?
113
What is the highest common factor of 3782 and 139690?
122
What is the greatest common factor of 4031 and 655226?
29
What is the greatest common factor of 182250 and 4445250?
750
Calculate the greatest common divisor of 2327881 and 13579.
367
Calculate the greatest common factor of 3296 and 67380128.
3296
What is the greatest common factor of 5282 and 101205761?
2641
Calculate the greatest common factor of 41981820 and 60.
60
Calculate the greatest common factor of 535 and 107795.
5
Calculate the highest common factor of 28644 and 451.
11
What is the highest common factor of 379052 and 1452132?
772
Calculate the highest common factor of 1028137 and 169279.
121
Calculate the highest common factor of 132622579 and 94.
47
Calculate the greatest common factor of 500 and 15728300.
100
Calculate the greatest common divisor of 247921 and 1339.
103
Calculate the highest common divisor of 25374408 and 856.
856
What is the highest common divisor of 15689 and 836386?
541
Calculate the greatest common divisor of 1258 and 102615689.
629
What is the highest common factor of 139409291 and 35?
7
What is the highest common factor of 156859669 and 537?
179
What is the greatest common factor of 131360 and 762960?
80
What is the greatest common divisor of 161 and 69978949?
23
Calculate the highest common divisor of 179756586 and 18.
18
Calculate the highest common factor of 47449227 and 255.
51
Calculate the greatest common divisor of 346 and 12041319.
173
What is the greatest common divisor of 98 and 2428402?
2
What is the greatest common factor of 1335 and 96330930?
1335
What is the greatest common divisor of 60777181 and 57?
19
What is the greatest common factor of 627 and 31552939?
209
Calculate the greatest common divisor of 1613377 and 21583.
191
What is the greatest common factor of 7097202 and 11844?
126
Calculate the greatest common divisor of 1837989 and 41123.
697
Calculate the highest common factor of 1835904 and 35328.
384
What is the greatest common divisor of 278350332 and 1248?
156
Calculate the highest common divisor of 3250100 and 8680.
140
Calculate the highest common divisor of 19267314 and 11847.
33
Calculate the greatest common divisor of 2849 and 5189657.
407
What is the highest common divisor of 184496 and 6032?
208
Calculate the highest common factor of 1176756 and 1148.
28
Calculate the highest common divisor of 1825 and 1347872.
73
Calculate the greatest common divisor of 3460 and 22612.
4
What is the greatest common factor of 1008 and 197770608?
1008
Calculate the highest common factor of 3950 and 195908150.
3950
Calculate the highest common divisor of 62266 and 111166.
326
Calculate the highest common factor of 7562370 and 120.
30
Calculate the greatest common factor of 416 and 122896.
16
What is the highest common divisor of 208288 and 1533824?
736
Calculate the greatest common divisor of 1185 and 475005.
15
Calculate the greatest common divisor of 643658 and 2.
2
What is the greatest common factor of 18599368 and 8?
8
What is the highest common divisor of 3384 and 198317628?
1692
Calculate the greatest common divisor of 450 and 695200.
50
Calculate the highest common divisor of 351043460 and 1284.
428
Calculate the greatest common divisor of 236 and 188134126.
118
Calculate the greatest common factor of 1830715124 and 14.
14
Calculate the greatest common factor of 3508 and 260.
4
What is the highest common divisor of 12321 and 68191?
37
What is the greatest common divisor of 2268 and 12116790?
1134
Calculate the greatest common divisor of 9758810 and 180.
10
Calculate the highest common divisor of 113082 and 423.
141
What is the highest common factor of 1775877675 and 18150?
9075
Calculate the highest common factor of 120272268 and 48.
12
Calculate the highest co